7*z - 42*z - 5*d + 195 = 0, 5*z - 240 = 4*d. Let w(g) = 2*g**2 - 9*g + 133. Calculate the remainder when w(7) is divided by z.
36
Suppose 6*x + 0 - 18 = 0. Let c be 2/((-4)/x - -2). Suppose s + 274 = c*y - 4*s, -4*s - 8 = 0. What is the remainder when y is divided by 31?
26
What is the remainder when 296 is divided by (10/10 - -1)*(-1168)/(-8)?
4
Let r = -15043 - -15793. What is the remainder when r is divided by 63?
57
Let h = -14701 - -15602. Calculate the remainder when h is divided by 177.
16
Let a = -2739 + 3036. What is the remainder when 758 is divided by a?
164
Let g(j) = -3*j - 19. Let n be g(-6). Let m be ((-396)/n)/(-4)*-1. Let p = -70 + m. What is the remainder when 114 is divided by p?
27
Let x(i) = -9*i - 6. Suppose -2*a + 10 = 12. Let g be x(a). Suppose g*m - 49 = -4*m. What is the remainder when 54 is divided by m?
5
Let k = -159 - -27. Suppose 4*v - 745 = -v + 5*h, -5*v - 4*h + 763 = 0. Calculate the remainder when v is divided by ((-572)/k)/((-1)/(-9)).
34
Suppose -3*r + 2*r = -52. Suppose 19*c - 24*c - 44 = -3*k, 20 = 4*k + 3*c. What is the remainder when r is divided by k?
4
Let s(w) = w**3 - 2*w**2 - w - 3. Let b be s(4). Suppose p + 0*p - b = 0. Let f = 41716 + -41617. What is the remainder when f is divided by p?
24
Let v(k) = -11*k**2 + 30*k + 855*k**3 - 853*k**3 - 5 + 2*k**2. What is the remainder when 345 is divided by v(3)?
55
Let o = -193 + 696. Let c = o - 484. What is the remainder when c is divided by 2?
1
Suppose 2*b - 31 = -3*r + 155, 128 = 2*r + 2*b. Calculate the remainder when 3128 is divided by r.
54
Suppose 81*c + 16*c - 1906 = 2168. What is the remainder when 1970 is divided by c?
38
Let t(c) = -c**2 + 7*c + 11. Let l be t(8). Suppose 0 = -3226*a + 3256*a + 60. What is the remainder when 28 is divided by ((-96)/18)/(a/l)?
4
What is the remainder when (-1)/((-2)/56)*2 is divided by 5038/726 + -7 - 2116/(-66)?
24
Suppose -2*k - 3*t = -7, -49*k + 44*k - 4*t + 7 = 0. Suppose 3*a = -a - 232. What is the remainder when 74 is divided by (-4)/12 + k*a/3?
17
Let i = 113 - 100. Let y = 7 + -3. Suppose -2*n = -y*n + 94. Calculate the remainder when n is divided by i.
8
Let a(o) = 56*o**2 + 11*o + 304. What is the remainder when a(-11) is divided by 48?
47
Let o(k) = k**2 + 5*k - 3. Suppose -3*r = 2*f - 9, -343*f - 18 = -340*f. Calculate the remainder when o(5) is divided by r.
5
Let w(p) = -33*p + 713. Suppose -14*m + 317 + 89 = 0. Calculate the remainder when m is divided by w(21).
9
Suppose 2*a - s = 379, s - 44 + 43 = 0. Calculate the remainder when 630 is divided by a.
60
Suppose 25*i - 33*i = -1088. Suppose -3*d - 161 = 4*o - 569, i = d - o. What is the remainder when d is divided by 13?
6
Suppose 14*c = 7*c + 1617. Let z = c - 202. Suppose 5*u - 15 = 15. What is the remainder when z is divided by u?
5
Suppose -4*l + 20 + 28 = 0. Calculate the remainder when 110 + 2*l/(-8) is divided by (4/10)/(1/90).
35
Calculate the remainder when (-6)/((-47)/((-38446)/(-12))) is divided by 355.
54
Let w(l) = -l**3 - 12*l**2 - 4*l + 19. Let v be w(-7). Let i = v - -222. What is the remainder when 70 is divided by i?
22
Let l(o) = -o**3 - 10*o**2 - 15*o - 295. Calculate the remainder when l(-12) is divided by 129.
44
Let k be (-4)/(-2)*2/2. Suppose 3*q - 121 = 2*g, q - 106 = -k*q - g. Calculate the remainder when ((-9)/(-81)*57 - 6)*219 is divided by q.
36
Let a(j) = 2*j + 50. Let v(k) = 177*k**2 + 12*k + 11. What is the remainder when v(-1) is divided by a(18)?
4
Let t(g) = 22*g**2 + 73*g + 169. What is the remainder when 549 is divided by t(-3)?
105
Suppose 32*o = 22*o + 270. Let h = 305 - 117. Calculate the remainder when h is divided by o.
26
Let q(t) = -119*t - 4388. What is the remainder when 551 is divided by q(-37)?
11
Let w(k) = 32*k + 190. What is the remainder when w(5) is divided by 1776/30 + (-1)/5?
55
Let r be 4/10 - (-1285)/(-25)*1. Let q = 79 + r. Let n = 356 + -302. What is the remainder when n is divided by q?
26
Calculate the remainder when 2110 is divided by (0 - (-68)/(-119)) + (1 - 1108/(-28)).
30
Let v(h) = -h**3 - 12*h**2 - 17*h - 121. What is the remainder when 822 is divided by v(-12)?
75
Suppose 4*n - 2*b - 108 = 0, n - 15 - 12 = -3*b. Suppose 26*z = n*z - 25. Calculate the remainder when 67 is divided by z.
17
Let l = -23735 - -24446. Let c(h) = -51*h. What is the remainder when l is divided by c(-1)?
48
What is the remainder when (-5)/(-100)*5 + (-6140)/(-80) is divided by 13?
12
Let a be 2/((-12)/(-1382)) + (-23)/69. Suppose -u - a = -6*u. Let y = -41 - -48. What is the remainder when u is divided by y?
4
Suppose -f - 2 = -3*r, 5*f = -0*f - 2*r - 44. Calculate the remainder when 138 is divided by f/28 + 2635/35 + -3.
66
Suppose 13*y - 59 = 630. Calculate the remainder when 122 is divided by y.
16
Suppose -z - u = -116, z - 2*z + 4*u + 116 = 0. Suppose -j - 110 = -z. What is the remainder when 70 is divided by j?
4
Suppose -63*o + 1048 = -1031. Calculate the remainder when 290 is divided by o.
26
Let c = -742 + 1085. Let z = c - 248. What is the remainder when z is divided by 32?
31
Let h = 4 + 0. Let m be (15/(-3) + 1)*(-11)/11. Let d = 13 - m. Calculate the remainder when d is divided by h.
1
Suppose 381 + 104 = q - 5*x, -5*q - 4*x + 2570 = 0. What is the remainder when q is divided by 68?
34
Suppose 4*j - 10 = -w, j + 6*w - 12 = w. Suppose -j*n + 43 = -21. Suppose -l + 24 = 7. Calculate the remainder when n is divided by l.
15
Let h be 24/(-4)*(-1 + 2). Let v be 0 + (-6)/(-33) + 450/(-55). What is the remainder when 154 is divided by (h/9)/(v/372)?
30
Let d be 45/30*(-16)/(-6). What is the remainder when d*((-66)/(-12) + 3) is divided by -3*((-38)/6 + 2)?
8
Suppose 7*b - 4*b = -2*v + 64, 5*v - 10 = 0. Calculate the remainder when b is divided by (18 - 14 - 3)*11*1.
9
Suppose 5*t - 38*k - 1201 = -35*k, 0 = 3*t - 2*k - 722. Calculate the remainder when t is divided by 60.
56
Let t(k) = 6*k - 42. Let o(w) = 9*w - 62. Let q(p) = 5*o(p) - 7*t(p). Calculate the remainder when 81 is divided by q(19).
40
Suppose 0 = -h + 4*h - 36. Let j(k) = -6*k**2 + k**2 - 20*k + 3*k**2 - 4 + 4*k**2. Calculate the remainder when j(h) is divided by 15.
14
Let c = 31 - -41. Let z = -30 + c. Let f = -27 + z. What is the remainder when 28 is divided by f?
13
Suppose 18*p + 276 = 22*p. Suppose -u + p = -4*i, -82 - 56 = -2*u + 5*i. Calculate the remainder when u is divided by 24.
21
Suppose 7*j - 975 = -4*a + 6*j, -3*a - 10*j = -685. Calculate the remainder when 1470 is divided by a.
0
What is the remainder when 221 is divided by 51 + (-4)/9 + (-136)/18?
6
Let r(a) = -5*a**3 - a**2 + 3*a + 3. Let o = 87 - 87. Let p = 17 - o. What is the remainder when p is divided by r(-1)?
1
Suppose 4*b + 45*b = 441. What is the remainder when 20 is divided by 159/b + 70/(-42)?
4
Let g(f) = 5*f - 31. Calculate the remainder when 376 is divided by g(9).
12
Let n = -74 - -111. Suppose -3*z = -b - 61, -14*b + 16*b = -2*z + 54. What is the remainder when n is divided by z?
15
Let m = -12 - -15. Let y be m/(-2)*1708/14. Calculate the remainder when -2*(6/10 + y/5) is divided by 15.
12
Let f = 414 - -217. Let m = 842 - f. Calculate the remainder when m is divided by 54.
49
Calculate the remainder when 2676 is divided by 138/70 - (-443)/15505.
0
Suppose -359*o - 28 = -363*o. Suppose -2*c = -o*c + 2*z + 543, z = -4. What is the remainder when c is divided by 16?
11
Let p(o) = o**3 + 28*o**2 - 4291*o - 88. Suppose 5*t - 2*d - 415 = 0, 0 = -t + d - 2*d + 90. Calculate the remainder when t is divided by p(53).
13
Let z(x) = -x**2 + 39*x - 22. Let y = -794 - -862. What is the remainder when y is divided by z(38)?
4
Let b be (-8 + (4 - 1))*13. Calculate the remainder when 81 is divided by 25 - (38/(-10) + 13/b).
23
What is the remainder when 13479 is divided by -28 + 20 + 4 + 67?
60
Suppose 2*c = -122*l + 121*l + 155, -c = l - 78. Calculate the remainder when 533 is divided by c.
71
Let l(b) = -b**3 - 29*b**2 - 144*b - 104. What is the remainder when l(-24) is divided by (-38)/(6/(-1 + -2))?
16
Calculate the remainder when -631*((-6)/(2 + 0) - -2) is divided by 53.
48
Calculate the remainder when 100 is divided by (48/(-80))/(9/(-675)).
10
Suppose -647 = -2*x - 2623. Let u = x + 994. What is the remainder when 53 is divided by u?
5
Suppose 0 = 11*